{"id":23,"date":"2011-09-08T14:55:25","date_gmt":"2011-09-08T12:55:25","guid":{"rendered":"http:\/\/localhost\/multimedia\/?page_id=8"},"modified":"2011-10-30T09:40:44","modified_gmt":"2011-10-30T08:40:44","slug":"kontakt","status":"publish","type":"page","link":"http:\/\/www.multimedia.mckey.pl\/multimedia\/kontakt","title":{"rendered":"Kontakt"},"content":{"rendered":"<h1 style=\"text-align: center;\">Kontakt z McKey Multimedia Systems<\/h1>\n<h3 style=\"text-align: center;\">Je\u015bli chcesz si\u0119 z nami skontaktowa\u0107 w sprawie: multimedia, nag\u0142o\u015bnienia, nagra\u0144<br \/> i rejestracji, realizacji d\u017awi\u0119ku, oprawy muzyczna, muzyki elektronicznej, koncert\u00f3w, czy wypo\u017cyczania sprz\u0119tu u\u017cyj poni\u017cszego formularza.<\/h3>\n<p>[si-contact-form form=&#8217;1&#8242;]<\/p>\n","protected":false},"excerpt":{"rendered":"<p>Kontakt z McKey Multimedia Systems Je\u015bli chcesz si\u0119 z nami skontaktowa\u0107 w sprawie: multimedia, nag\u0142o\u015bnienia, nagra\u0144 i rejestracji, realizacji d\u017awi\u0119ku, oprawy muzyczna, muzyki elektronicznej, koncert\u00f3w, czy wypo\u017cyczania sprz\u0119tu u\u017cyj poni\u017cszego formularza. [si-contact-form form=&#8217;1&#8242;]<\/p>\n","protected":false},"author":1,"featured_media":0,"parent":0,"menu_order":0,"comment_status":"closed","ping_status":"closed","template":"","meta":[],"_links":{"self":[{"href":"http:\/\/www.multimedia.mckey.pl\/multimedia\/wp-json\/wp\/v2\/pages\/23"}],"collection":[{"href":"http:\/\/www.multimedia.mckey.pl\/multimedia\/wp-json\/wp\/v2\/pages"}],"about":[{"href":"http:\/\/www.multimedia.mckey.pl\/multimedia\/wp-json\/wp\/v2\/types\/page"}],"author":[{"embeddable":true,"href":"http:\/\/www.multimedia.mckey.pl\/multimedia\/wp-json\/wp\/v2\/users\/1"}],"replies":[{"embeddable":true,"href":"http:\/\/www.multimedia.mckey.pl\/multimedia\/wp-json\/wp\/v2\/comments?post=23"}],"version-history":[{"count":4,"href":"http:\/\/www.multimedia.mckey.pl\/multimedia\/wp-json\/wp\/v2\/pages\/23\/revisions"}],"predecessor-version":[{"id":122,"href":"http:\/\/www.multimedia.mckey.pl\/multimedia\/wp-json\/wp\/v2\/pages\/23\/revisions\/122"}],"wp:attachment":[{"href":"http:\/\/www.multimedia.mckey.pl\/multimedia\/wp-json\/wp\/v2\/media?parent=23"}],"curies":[{"name":"wp","href":"https:\/\/api.w.org\/{rel}","templated":true}]}}