{"id":234,"date":"2011-10-12T23:28:44","date_gmt":"2011-10-12T21:28:44","guid":{"rendered":"http:\/\/www.multimedia.mckey.pl\/multimedia\/?page_id=234"},"modified":"2011-10-18T21:24:33","modified_gmt":"2011-10-18T19:24:33","slug":"harmonia-kosmosu-i","status":"publish","type":"page","link":"http:\/\/www.multimedia.mckey.pl\/multimedia\/harmonia-kosmosu-i","title":{"rendered":"Harmonia Kosmosu I"},"content":{"rendered":"<h1 style=\"text-align: center;\">Harmonia Kosmosu I<\/h1>\n<p style=\"text-align: justify;\"><a href=\"http:\/\/www.multimedia.mckey.pl\/multimedia\/wp-content\/uploads\/2011\/10\/harmonia1a.jpg\"><img loading=\"lazy\" class=\"alignleft size-thumbnail wp-image-235\" title=\"Harmonia Kosmosu I\" src=\"http:\/\/www.multimedia.mckey.pl\/multimedia\/wp-content\/uploads\/2011\/10\/harmonia1a-150x150.jpg\" alt=\"Harmonia Kosmosu I \/ Space Harmony I\" width=\"150\" height=\"150\" \/><\/a><a href=\"http:\/\/www.multimedia.mckey.pl\/multimedia\/wp-content\/uploads\/2011\/10\/harmonia1.jpg\"><img loading=\"lazy\" class=\"alignleft size-thumbnail wp-image-236\" title=\"Harmonia Kosmosu I\" src=\"http:\/\/www.multimedia.mckey.pl\/multimedia\/wp-content\/uploads\/2011\/10\/harmonia1-150x150.jpg\" alt=\"Harmonia Kosmosu I \/ Harmony of Space I\" width=\"150\" height=\"150\" \/><\/a>Pierwsza p\u0142yta Martina McKeya, wydana w\u0142asnymi si\u0142ami w 2009 roku, z muzyk\u0105 elektroniczn\u0105.<br \/> Premierowe wykonanie kilku utwor\u00f3w z p\u0142yty nast\u0105pi\u0142o na koncercie podczas zlotu Harmonia Kosmosu w 2009 roku. P\u0142yta zainspirowana kosmosem, przestrzeniami kosmicznymi i kosmicznymi podr\u00f3\u017cami.<\/p>\n<p style=\"text-align: center;\"><a title=\"Harmonia Kosmosu II\" href=\"http:\/\/www.multimedia.mckey.pl\/multimedia\/index.php\/harmonia-kosmosu-ii\">Harmonia Kosmosu II<\/a><\/p>\n","protected":false},"excerpt":{"rendered":"<p>Harmonia Kosmosu I Pierwsza p\u0142yta Martina McKeya, wydana w\u0142asnymi si\u0142ami w 2009 roku, z muzyk\u0105 elektroniczn\u0105. Premierowe wykonanie kilku utwor\u00f3w z p\u0142yty nast\u0105pi\u0142o na koncercie podczas zlotu Harmonia Kosmosu w 2009 roku. P\u0142yta zainspirowana kosmosem, przestrzeniami kosmicznymi i kosmicznymi podr\u00f3\u017cami. Harmonia Kosmosu II<\/p>\n","protected":false},"author":1,"featured_media":0,"parent":0,"menu_order":0,"comment_status":"closed","ping_status":"closed","template":"","meta":[],"_links":{"self":[{"href":"http:\/\/www.multimedia.mckey.pl\/multimedia\/wp-json\/wp\/v2\/pages\/234"}],"collection":[{"href":"http:\/\/www.multimedia.mckey.pl\/multimedia\/wp-json\/wp\/v2\/pages"}],"about":[{"href":"http:\/\/www.multimedia.mckey.pl\/multimedia\/wp-json\/wp\/v2\/types\/page"}],"author":[{"embeddable":true,"href":"http:\/\/www.multimedia.mckey.pl\/multimedia\/wp-json\/wp\/v2\/users\/1"}],"replies":[{"embeddable":true,"href":"http:\/\/www.multimedia.mckey.pl\/multimedia\/wp-json\/wp\/v2\/comments?post=234"}],"version-history":[{"count":5,"href":"http:\/\/www.multimedia.mckey.pl\/multimedia\/wp-json\/wp\/v2\/pages\/234\/revisions"}],"predecessor-version":[{"id":300,"href":"http:\/\/www.multimedia.mckey.pl\/multimedia\/wp-json\/wp\/v2\/pages\/234\/revisions\/300"}],"wp:attachment":[{"href":"http:\/\/www.multimedia.mckey.pl\/multimedia\/wp-json\/wp\/v2\/media?parent=234"}],"curies":[{"name":"wp","href":"https:\/\/api.w.org\/{rel}","templated":true}]}}